 prime number?
False
Is 72851 a composite number?
True
Is 614 a prime number?
False
Is 9753 a prime number?
False
Is 1379753 a prime number?
True
Is 626813 a composite number?
True
Is 208451 a prime number?
False
Is 2302 a composite number?
True
Is 1353973 a composite number?
False
Is 87739 prime?
True
Is 19373 a composite number?
False
Is 7427 a prime number?
False
Is 745 a composite number?
True
Is 347 composite?
False
Is 26819 a prime number?
False
Is 103913 a prime number?
True
Is 24673 a composite number?
True
Is 1378937 prime?
False
Is 234227 a prime number?
False
Is 260047 a composite number?
False
Is 6071 prime?
False
Is 13661 composite?
True
Is 45463 a composite number?
True
Is 491273 prime?
True
Is 249355 composite?
True
Is 18059 a prime number?
True
Is 394109 a prime number?
False
Is 2173 a prime number?
False
Is 15869 a composite number?
True
Is 3493 a composite number?
True
Is 3158873 a composite number?
False
Is 23221 a prime number?
False
Is 20365 composite?
True
Is 695 a composite number?
True
Is 4650355 a prime number?
False
Is 319291 prime?
False
Is 82 a prime number?
False
Is 2029234 composite?
True
Is 56081 prime?
True
Is 3223 a prime number?
False
Is 167711 a prime number?
True
Is 60641 prime?
False
Is 22343 a prime number?
True
Is 28115 composite?
True
Is 20341 prime?
True
Is 6007 composite?
False
Is 6997 prime?
True
Is 23081 a prime number?
True
Is 342103 a composite number?
True
Is 4963 prime?
False
Is 877237 a prime number?
True
Is 19799 composite?
True
Is 2333 composite?
False
Is 75743 composite?
False
Is 689489 prime?
False
Is 2772967 a composite number?
False
Is 19059 a composite number?
True
Is 75913 prime?
True
Is 4703 a prime number?
True
Is 3365 a prime number?
False
Is 1819577 composite?
False
Is 15967 prime?
False
Is 40693 a composite number?
False
Is 570823 a prime number?
False
Is 17737 composite?
False
Is 30551 composite?
True
Is 229033 composite?
True
Is 319427 a composite number?
False
Is 46285 a composite number?
True
Is 8141 a prime number?
False
Is 69623 a composite number?
False
Is 81245 a composite number?
True
Is 2759 a composite number?
True
Is 21706 a prime number?
False
Is 6343 a prime number?
True
Is 1810279 a composite number?
True
Is 140029 a composite number?
True
Is 26131 a composite number?
True
Is 773233 prime?
False
Is 83 a composite number?
False
Is 25021 a composite number?
True
Is 16493 a composite number?
False
Is 29527 a composite number?
False
Is 680101 a prime number?
False
Is 123691 a prime number?
False
Is 224971 composite?
True
Is 5461 a prime number?
False
Is 13807 composite?
False
Is 550621 a prime number?
True
Is 672583 composite?
True
Is 4039 a composite number?
True
Is 596677 a prime number?
False
Is 3511 prime?
True
Is 9089 a composite number?
True
Is 221251 a prime number?
True
Is 50021 a prime number?
True
Is 644539 a composite number?
True
Is 13085 composite?
True
Is 5509 composite?
True
Is 1313 composite?
True
Is 72211 a prime number?
True
Is 454697 a composite number?
True
Is 202115 a prime number?
False
Is 15098 a composite number?
True
Is 10723 a prime number?
True
Is 50231 a composite number?
False
Is 1823 a composite number?
False
Is 19151 composite?
True
Is 669 a composite number?
True
Is 818887 a composite number?
False
Is 3683 a prime number?
False
Is 3497 a prime number?
False
Is 41053 a prime number?
False
Is 42193 composite?
False
Is 361159 composite?
False
Is 19641 prime?
False
Is 3847 composite?
False
Is 127271 prime?
True
Is 127847 a prime number?
False
Is 197609 composite?
False
Is 190501 composite?
True
Is 457865 a prime number?
False
Is 19959 a composite number?
True
Is 3239 a composite number?
True
Is 6121 a composite number?
False
Is 68873 a composite number?
True
Is 13531 composite?
True
Is 15787 composite?
False
Is 22667 a prime number?
False
Is 14117 composite?
True
Is 54857 prime?
False
Is 21257 a composite number?
True
Is 2139385 composite?
True
Is 85 composite?
True
Is 126427 a prime number?
False
Is 84913 composite?
False
Is 52711 a composite number?
False
Is 6995 a composite number?
True
Is 182033 a prime number?
False
Is 155651 prime?
False
Is 69899 prime?
True
Is 12053 prime?
False
Is 97231 a composite number?
False
Is 105527 a prime number?
True
Is 3557 composite?
False
Is 212699 a prime number?
False
Is 257793 a composite number?
True
Is 9617 prime?
False
Is 721439 a prime number?
True
Is 120539 a composite number?
False
Is 204142 prime?
False
Is 1049 a prime number?
True
Is 10763 a composite number?
True
Is 110963 composite?
True
Is 1193 prime?
True
Is 1127411 a prime number?
True
Is 2833 a composite number?
False
Is 4846289 prime?
False
Is 39647 prime?
False
Is 22501 prime?
True
Is 7841 prime?
True
Is 8779 composite?
False
Is 7499 a prime number?
True
Is 971639 prime?
True
Is 479 composite?
False
Is 13521 a composite number?
True
Is 168247 composite?
False
Is 21635 a prime number?
False
Is 3863 a composite number?
False
Is 9079 a composite number?
True
Is 34039 composite?
False
Is 11089 a prime number?
False
Is 2205593 prime?
False
Is 532093 a prime number?
True
Is 19217 composite?
True
Is 179039 a prime number?
False
Is 10495 a prime number?
False
Is 20143 prime?
True
Is 1322 a composite number?
True
Is 204047 prime?
True
Is 17873 composite?
True
Is 790509 prime?
False
Is 16343 composite?
True
Is 2432429 a prime number?
True
Is 1012369 a prime number?
True
Is 130771 composite?
True
Is 126869 a composite number?
True
Is 22 a composite number?
True
Is 28643 composite?
False
Is 4579 a composite number?
True
Is 305931 prime?
False
Is 684083 composite?
True
Is 8285 prime?
False
Is 10799 a prime number?
True
Is 2763019 prime?
False
Is 90493 a composite number?
True
Is 59833 a composite number?
False
Is 47577 a composite number?
True
Is 167387 composite?
True
Is 2100041 a prime number?
True
Is 475663 composite?
True
Is 361013 a composite number?
False
Is 115057 prime?
True
Is 72139 a prime number?
True
Is 13955 composite?
True
Is 3641 prime?
False
Is 15843 a prime number?
False
Is 17543 a prime number?
False
Is 1785401 a composite number?
False
Is 122065 a composite number?
True
Is 31643 a prime number?
True
Is 565753 a prime number?
False
Is 2999 a composite number?
False
Is 15421 a prime number?
False
Is 308905 prime?
False
Is 20981 a composite number?
False
Is 40421 a prime number?
False
Is 24623 a composite number?
False
Is 4307 prime?
False
Is 105951 a prime number?
False
Is 6598 a composite number?
True
Is 674423 a composite number?
True
Is 1830043 composite?
True
Is 35873 a composite number?
True
Is 641623 a prime number?
True
Is 9745 a composite number?
True
Is 3163 a prime number?
True
Is 10741 a composite number?
True
Is 5045 prime?
False
Is 8759 a composite number?
True
Is 8509 composite?
True
Is 2179 prime?
True
Is 375361 prime?
False
Is 334797 a composite number?
True
Is 37811 a prime number?
True
Is 66161 prime?
True
Is 21506 composite?
True
Is 1313423 composite?
False
Is 3541255 prime?
False
Is 83177 a composite number?
False
Is 28111 a composite number?
False
Is 260621 a composite number?
True
Is 23169 composite?
True
Is 61001 composite?
False
Is 355391 prime?
False
Is 18463 composite?
True
Is 623 a prime number?
False
Is 25907 prime?
False
Is 772833 prime?
False
Is 7586 a composite number?
True
Is 50207 composite?
False
Is 1330093 prime?
True
Is 68905 a composite number?
True
Is 202963 prime?
False
Is 17891 composite?
False
Is 30749 prime?
False
Is 26997 a composite number?
True
Is 2127037 composite?
True
Is 1082 composite?
True
Is 81071 prime?
True
Is 9162095 a composite number?
True
Is 3989 a prime number?
True
Is 64747 prime?
True
Is 262187 composite?
False
Is 50567 a prime number?
False
Is 237331 composite?
False
Is 378613 prime?
False
Is 134747 composite?
True
Is 187039 a composite number?
True
Is 20609 a prime number?
False
Is 52249 a prime number?
True
Is 42631 a composite number?
True
Is 25667 a composite number?
False
Is 719327 a prime number?
False
Is 691 a prime number?
True
Is 1951615 a prime number?
False
Is 696053 prime?
True
Is 3161 composite?
True
Is 1543 a prime number?
True
Is 197803 a prime number?
True
Is 30929 prime?
False
Is 277939 prime?
False
Is 921 a composite number?
True
Is 50537 a composite nu